{"id":682,"date":"2021-10-12T08:48:49","date_gmt":"2021-10-12T06:48:49","guid":{"rendered":"http:\/\/slbpathfinder.com\/?page_id=682"},"modified":"2021-10-25T10:14:37","modified_gmt":"2021-10-25T08:14:37","slug":"ma-carriere","status":"publish","type":"page","link":"http:\/\/slbpathfinder.com\/index.php\/ma-carriere\/","title":{"rendered":"Ma carri\u00e8re"},"content":{"rendered":"<p>J\u2019ai eu 25 ann\u00e9es de carri\u00e8re dans des entreprises de grande consommation\u00a0: Du marketing aux ventes puis des r\u00f4les de management larges en France, Italie, R\u00e9publique Tch\u00e8que et Royaume uni. Des exp\u00e9riences r\u00e9ussies de direction g\u00e9n\u00e9rale d\u2019un pays, puis d\u2019un cluster de pays et enfin de la r\u00e9gion europ\u00e9enne (+ de 800 collaborateurs) y inclus 8 usines. J\u2019ai eu la chance d\u2019avoir des missions passionnantes en France t\u00f4t dans ma carri\u00e8re (Kraft, Bonduelle Mc Cain et Mars) avant de partir en mission \u00e0 l\u2019\u00e9tranger avec Mars.Pendant ma carri\u00e8re j\u2019ai occup\u00e9 18 positions diff\u00e9rentes et report\u00e9 \u00e0 plus de 20 patrons. J\u2019ai travaill\u00e9 dans des environnements multi culturels et j\u2019ai exp\u00e9riment\u00e9 la richesse de la diversit\u00e9 dans les \u00e9quipes de direction. J\u2019ai \u00e9t\u00e9 passionn\u00e9e par la construction d\u2019agenda de croissance et la cr\u00e9ation de business p\u00e9rennes. En grandissant en exp\u00e9rience j\u2019ai compris que la partie la plus exaltante de mon travail \u00e9tait d\u2019accompagner les leaders de demain dans leur croissance professionnelle. J\u2019ai appris \u00e0 faire grandir mon empathie et mes qualit\u00e9s d\u2019\u00e9coute, \u00e0 mettre ma r\u00e9flexion au service de mon mentee. Je suis devenue l\u2019avocate de mes \u00e9quipes et de leurs qualit\u00e9s. Capable d&#8217;aborder avec eux toutes les conversations n\u00e9cessaires, avec bienveillance et l&#8217;unique ambition de servir leurs int\u00e9r\u00eats, les faire grandir et les accompagner sur leur chemin pour r\u00e9aliser leur plein potentiel.<\/p>\n<p>&#8220;If you can dream it, you can do it&#8221;<br \/>\n<script src=\"https:\/\/platform.linkedin.com\/badges\/js\/profile.js\" async defer type=\"text\/javascript\"><\/script><br \/>\n<em>Walt Disney (<\/em><em>Visionnaire, entrepreneur , inventeur et conteur )<\/em><\/p>\n<div class=\"badge-base LI-profile-badge\" data-locale=\"fr_FR\" data-size=\"medium\" data-theme=\"dark\" data-type=\"VERTICAL\" data-vanity=\"st\u00e9phanie-le-b\u00e9chec\" data-version=\"v1\"><a class=\"badge-base__link LI-simple-link\" href=\"https:\/\/fr.linkedin.com\/in\/st%C3%A9phanie-le-b%C3%A9chec?trk=profile-badge\">St\u00e9phanie Le B\u00e9chec<\/a><\/div>\n","protected":false},"excerpt":{"rendered":"<p>J\u2019ai eu 25 ann\u00e9es de carri\u00e8re dans des entreprises de grande consommation\u00a0: Du marketing aux ventes puis des r\u00f4les de management larges en France, Italie, &hellip;<\/p>\n","protected":false},"author":1,"featured_media":505,"parent":0,"menu_order":0,"comment_status":"closed","ping_status":"closed","template":"","meta":{"_monsterinsights_skip_tracking":false,"_monsterinsights_sitenote_active":false,"_monsterinsights_sitenote_note":"","_monsterinsights_sitenote_category":0},"_links":{"self":[{"href":"http:\/\/slbpathfinder.com\/index.php\/wp-json\/wp\/v2\/pages\/682"}],"collection":[{"href":"http:\/\/slbpathfinder.com\/index.php\/wp-json\/wp\/v2\/pages"}],"about":[{"href":"http:\/\/slbpathfinder.com\/index.php\/wp-json\/wp\/v2\/types\/page"}],"author":[{"embeddable":true,"href":"http:\/\/slbpathfinder.com\/index.php\/wp-json\/wp\/v2\/users\/1"}],"replies":[{"embeddable":true,"href":"http:\/\/slbpathfinder.com\/index.php\/wp-json\/wp\/v2\/comments?post=682"}],"version-history":[{"count":6,"href":"http:\/\/slbpathfinder.com\/index.php\/wp-json\/wp\/v2\/pages\/682\/revisions"}],"predecessor-version":[{"id":766,"href":"http:\/\/slbpathfinder.com\/index.php\/wp-json\/wp\/v2\/pages\/682\/revisions\/766"}],"wp:featuredmedia":[{"embeddable":true,"href":"http:\/\/slbpathfinder.com\/index.php\/wp-json\/wp\/v2\/media\/505"}],"wp:attachment":[{"href":"http:\/\/slbpathfinder.com\/index.php\/wp-json\/wp\/v2\/media?parent=682"}],"curies":[{"name":"wp","href":"https:\/\/api.w.org\/{rel}","templated":true}]}}